der when r is divided by f?
7
Let b(k) = 7 + k + k**2 - 7 + 8 - 7*k. What is the remainder when b(9) is divided by 18?
17
Let r(h) be the first derivative of h**2 + 3*h + 4. What is the remainder when 29 is divided by r(6)?
14
Let r(p) = p**3 + 11*p**2 + 10*p + 10. What is the remainder when 48 is divided by r(-10)?
8
Let l be (-5)/20 - 1146/(-8). Let u = l - 94. What is the remainder when u is divided by 17?
15
Suppose 2*g = 23 + 37. Calculate the remainder when 32 is divided by (-12)/g + (-174)/(-10).
15
Let m = -113 + 191. Calculate the remainder when m is divided by 27.
24
Let v(q) = 4*q**2 + 9*q - 10. Let n(h) = -h**2 - 12*h - 4. Calculate the remainder when v(-5) is divided by n(-9).
22
What is the remainder when (-18)/4*(-42)/27*6 is divided by 3?
0
Let w(f) = -f + 0*f + f**2 - 4 - f - f. Calculate the remainder when w(6) is divided by 1*12*2/3.
6
Let y(r) = -6*r**3 - 2*r**2 + 1. Let a be y(-1). Let k be -1*2 - a*-22. Suppose c - 60 = -c - 4*j, 4*c = 4*j + k. What is the remainder when c is divided by 10?
8
Let p = 4 - 4. Suppose -3*z + p*o + 77 = -5*o, 2*z = 2*o + 58. What is the remainder when z is divided by 18?
16
Suppose -5*u + 179 + 581 = 0. Suppose 5*s - 13 = u. Let l = s + -18. What is the remainder when 29 is divided by l?
14
Let f(v) = -3*v - 16. What is the remainder when 78 is divided by f(-12)?
18
Suppose 10 = 28*d - 26*d. Calculate the remainder when 6 is divided by d.
1
Let h(c) = -3*c + 29. Let f be h(9). Let z = 6 - 4. Calculate the remainder when ((-40)/z)/((-1)/f) is divided by 14.
12
Suppose -16 = -4*d, 30 = 4*h + 3*d - 10. Let g(k) = k - 5. What is the remainder when 4 is divided by g(h)?
0
Let w = -5 - -8. Suppose -m + 191 = -2*g, -269 = -w*m + 3*g + 310. Calculate the remainder when 56 is divided by (-2)/4 + m/10.
18
Let h be 0 - (1 - (0 - -2)). Let l(i) = i**3 - i**2 - 3. Let c be l(0). Calculate the remainder when 22 is divided by 10 - (1 + c*h).
10
Let r = -17 - -11. Let c = r + 16. What is the remainder when 18 is divided by c?
8
What is the remainder when 2*1 - (154 + -4)/(-6) is divided by 10?
7
Let v be 44/12 + 6/(-9). Suppose 4*r + o + 0*o = 17, 2*r - 1 = -3*o. What is the remainder when 5 is divided by r - v/3 - 2?
1
Let w(p) = -p**2 - 22*p + 9. Calculate the remainder when 16 is divided by w(-22).
7
Let u(v) = -5*v**3 + 2*v**2 + 3*v + 3. Let i be u(-2). Suppose -2*o = o - i. What is the remainder when o is divided by 4?
3
Let a = 5 - 2. Let b be (0/5)/(4 - 2). Suppose 27 = a*u - b. Calculate the remainder when 17 is divided by u.
8
Suppose 4*g + g + 205 = 0. Let i = g - -62. Suppose -2*o - 3 = v + 3, -5*o = v + i. Calculate the remainder when 11 is divided by v.
3
Let b be 71 - ((-1 - -1) + 0). Suppose -b = -3*d + 1. Let k = d - -2. Calculate the remainder when k is divided by 9.
8
Let o = -131 - -157. Calculate the remainder when 72 is divided by o.
20
Let s(b) = -b**3 - 4*b**2 - 2*b + 3. What is the remainder when 41 is divided by s(-4)?
8
Suppose -2*u = -3*i - 95 - 9, 0 = 2*u - i - 96. Let h = 2 - 6. Calculate the remainder when (u/h)/(1/(-2)) is divided by 12.
11
Suppose i - 25 = 2. Calculate the remainder when i is divided by 16.
11
Let i(f) = f**2 + 7. Let h = -2 + 0. What is the remainder when i(5) is divided by (-1)/(0 - h/(-22))?
10
Let d = -3 - -5. Let f be (-1)/2 + 11/d. Suppose -2*u = -4*t - 20, 4*t + 27 = f*u - 23. What is the remainder when u is divided by 4?
2
Let x(y) = 10*y**2 - 2*y + 1. Let q = -9 + 3. Let c(z) = -2*z - 8. Calculate the remainder when x(1) is divided by c(q).
1
Suppose -2*i = 2*i - 12. Suppose -i*r + 2*n = -74, 0 = 5*n - 2 + 22. What is the remainder when r is divided by 6?
4
Let n = 1 + 0. Suppose 0 = z - 0*z - 2*y - 9, 4*z - 8 = y. Let w = n + z. What is the remainder when 2 is divided by w?
0
Suppose 0 = -2*y - h + 637, -4*h + 1600 = 5*y - 3*h. Suppose -y = -5*b - 76. Calculate the remainder when b is divided by 17.
15
Calculate the remainder when (924/30)/((-2)/(-5)) is divided by 26.
25
Let w(j) = 8*j**2 - 2. Let l be w(2). Suppose l = -2*t + 2*f, 0*t + 2*t - 5*f + 30 = 0. Calculate the remainder when (-1)/(15/6)*t is divided by 4.
2
Suppose -5*m - 11 = -g, 6 - 50 = -4*g + 2*m. What is the remainder when 43 is divided by g?
10
Suppose c - 24 = -5*c. Calculate the remainder when c is divided by 2.
0
Let y(m) = m**3 - 5*m**2. Let l be y(5). Suppose h = -0*h - f + 4, 4*h - 4*f - 56 = l. What is the remainder when (6/h)/(6/621) is divided by 18?
15
Let j(r) = 11*r - 5. Let x be j(3). Let h = x - 18. What is the remainder when 38 is divided by h?
8
Let b be (8 + 2)*6/5. Let n = 4 - b. Let j = -4 - n. Calculate the remainder when 6 is divided by j.
2
Suppose 2 = -m - 0. What is the remainder when 30 is divided by -1 - m - 10/(-1)?
8
Suppose 3*a = 6*a + 9, o + 2*a + 2 = 0. Suppose 2*z + 14 = z - 4*p, -8 = 4*p. What is the remainder when 29 is divided by (z/(-3))/(o/30)?
14
What is the remainder when 21 is divided by -3*(-30)/9 + 2/(-1)?
5
Suppose 5*k + 3*g - 640 = 0, 0 = 4*k - 3*g - 0*g - 512. Let m = k + -78. What is the remainder when m is divided by 13?
11
Let f(b) = -3*b**3 + 2*b**2 + b. Suppose -4*k + 6*k - 4*o - 2 = 0, 5*k = -3*o + 18. Suppose k = -4*h + 55. Calculate the remainder when h is divided by f(-1).
1
Let x(i) = -6*i**3 - i**2 - 2. Suppose 5*o = 5*q + 49 + 46, 4*o - 56 = -q. What is the remainder when x(-2) is divided by o?
12
Let y = -48 - -20. Let u(j) = j**3 - 6*j**2 + 5*j + 7. Calculate the remainder when ((-6)/7)/(2/y) is divided by u(5).
5
Suppose 0 = 3*t - 8 + 23, t - 25 = 5*c. Let m(u) = u. Let q be m(c). Calculate the remainder when 46 is divided by (32/q)/((-4)/12).
14
Suppose -3*g = -4*n - 76, 0 = -5*g - 4*n + 78 + 6. What is the remainder when g is divided by 11?
9
Suppose -19 = -4*t + 53. Calculate the remainder when 34 is divided by t.
16
Suppose -5*i = -3*j - 19, 4*j - 2*j = 5*i - 16. Suppose -i*o + o + 28 = 0. Calculate the remainder when o is divided by 15.
13
Suppose -3*i - q + 37 = 8, 2*i + 4*q = 6. Let s be 2/(-6) - (-66)/9. Suppose 9*r - s*r = 12. Calculate the remainder when i is divided by r.
5
Suppose 3*y - 245 = -2*y. What is the remainder when y is divided by ((-1)/(-2))/(3/78)?
10
Let d = 14 - -5. Calculate the remainder when d is divided by 9.
1
Let w(a) = -a**2 + a + 19. Calculate the remainder when w(0) is divided by 7.
5
Let y = -19 - -45. Calculate the remainder when y is divided by 15/2*18/15.
8
Let d be (0 + 11 - 2) + -2. Calculate the remainder when 4/14 + 26/d is divided by 3.
1
Let p(c) = -c**3 - 10*c**2 - 12*c + 11. What is the remainder when p(-9) is divided by 14?
10
Let b(v) = -v**3 + v**2 + 2*v + 1. Let l be b(-1). Suppose -2*a + 30 = 4*a. Calculate the remainder when a is divided by (l - 3) + (0 - -5).
2
Suppose 9*y - 425 = -146. Calculate the remainder when y is divided by 9.
4
Let l(o) = 4*o - 3. Let g(j) = -3*j + 2. Let y(p) = -7*g(p) - 6*l(p). Calculate the remainder when 49 is divided by y(-3).
10
Let v = -219 - -329. What is the remainder when v is divided by 28?
26
Suppose -4*f = -58 - 42. Let g(m) = 0*m - 6 + 11 - m. What is the remainder when f is divided by g(-4)?
7
Suppose q = -2*n - 2*q + 45, 117 = 5*n + 3*q. Suppose -2*x = -n + 6. What is the remainder when 16 is divided by x?
7
Suppose 3*f = f + 2. Let s(i) = 20*i - 1. What is the remainder when 54 is divided by s(f)?
16
What is the remainder when 3 is divided by 99/44 + 1/(-4)?
1
Let y = 23 - 15. What is the remainder when 38 is divided by y?
6
Suppose 3*f + s - 45 = -0*f, 0 = 2*s. Calculate the remainder when 2 is divided by (-5)/2*(-12)/f.
0
Let c = 56 - 25. Calculate the remainder when c is divided by 2/(-3) - (-35)/3.
9
Let c(u) = 2*u + 30. Calculate the remainder when 87 is divided by c(0).
27
Suppose 0 = 11*x + 55 - 264. Calculate the remainder when 27 is divided by x.
8
Let c(t) = -t**2 - t + 1. Calculate the remainder when 2 is divided by c(0).
0
Suppose -3*h + 9 = 3. Suppose -h*v + 0*v + 13 = -5*w, 4*v - 2*w = 18. Calculate the remainder when 28 is divided by 1/4 - (-39)/v.
8
Let t(w) = w**2 + 11 - w**3 - w - 7*w**2 - 4. Suppose 2*d - 6 = 0, 17 - 60 = -2*l + d. What is the remainder when l is divided by t(-6)?
10
Suppose o = -4*d + 61, 3*o + 2*d = -2*o + 233. Suppose 2 = -0*z + z + 5*s, 0 = 4*z + s - 8. Calculate the remainder when o i